 11) to base 16
-deed
-10000010 (base 2) to base 16
-82
What is 128170 (base 9) in base 8?
230503
-12200 (base 5) to base 12
-651
2942 (base 10) to base 4
231332
595 (base 10) to base 16
253
Convert 102013 (base 6) to base 16.
2019
What is 1223 (base 6) in base 15?
153
Convert 2354 (base 9) to base 8.
3326
8583 (base 12) to base 10
14643
200112002 (base 3) to base 13
61b8
-122527 (base 8) to base 10
-42327
What is 22431 (base 5) in base 8?
3120
What is 101010101100 (base 2) in base 9?
3665
What is 24 (base 15) in base 14?
26
-8d4 (base 16) to base 7
-6406
-1754 (base 10) to base 9
-2358
-40336 (base 7) to base 5
-303103
What is 3c63 (base 14) in base 16?
29af
86a (base 16) to base 9
2853
What is -10100101101 (base 2) in base 9?
-1732
Convert -1541 (base 12) to base 7.
-10165
-7283 (base 15) to base 10
-24198
What is 42a (base 12) in base 5?
4420
-10529 (base 11) to base 9
-22854
What is 7635 (base 8) in base 13?
1a86
Convert 5732 (base 8) to base 9.
4141
1261 (base 10) to base 4
103231
Convert -2171 (base 9) to base 13.
-964
222322 (base 4) to base 8
5272
What is -b42b (base 13) in base 7?
-132352
Convert 3223233 (base 4) to base 6.
153503
82 (base 13) to base 16
6a
Convert -b423 (base 12) to base 15.
-5c26
-c549 (base 14) to base 12
-177b1
What is 11000200 (base 3) in base 9?
4020
Convert -100100110011 (base 2) to base 13.
-10c2
Convert 1943 (base 12) to base 5.
44300
What is -c3a (base 14) in base 2?
-100101100100
Convert 10011110001 (base 2) to base 7.
3455
-15840 (base 10) to base 9
-23650
Convert 101211012 (base 3) to base 12.
4695
Convert -13113 (base 7) to base 14.
-13b3
Convert -2714 (base 8) to base 5.
-21414
Convert -311 (base 4) to base 6.
-125
-13 (base 15) to base 13
-15
Convert -323013 (base 4) to base 2.
-111011000111
Convert -4226 (base 10) to base 5.
-113401
5231 (base 8) to base 6
20321
What is 20123 (base 4) in base 3?
201222
What is 110110001101 (base 2) in base 4?
312031
Convert -10125 (base 8) to base 7.
-15122
32100 (base 6) to base 16
1104
11011011 (base 2) to base 16
db
Convert 11101 (base 3) to base 10.
118
Convert -c895 (base 14) to base 10.
-34627
Convert 261 (base 9) to base 3.
22001
-1144 (base 6) to base 13
-187
Convert 89 (base 13) to base 8.
161
Convert 19cba (base 15) to base 10.
83875
Convert -404435 (base 6) to base 9.
-48065
134220 (base 7) to base 12
12906
Convert 7125 (base 10) to base 6.
52553
What is -116415 (base 7) in base 16?
-53e2
What is 120202 (base 8) in base 10?
41090
-20324 (base 8) to base 11
-6350
What is -12032 (base 5) in base 4?
-31330
Convert 1201 (base 10) to base 11.
9a2
838 (base 9) to base 3
221022
Convert 3324 (base 8) to base 9.
2352
Convert -1690 (base 14) to base 4.
-333032
-21131 (base 5) to base 13
-84c
What is 28506 (base 9) in base 11?
13605
-104656 (base 7) to base 9
-27351
Convert 1210110210 (base 3) to base 4.
20220021
-4444 (base 12) to base 10
-7540
163156 (base 7) to base 14
bad6
Convert 1466 (base 8) to base 14.
42a
Convert 3243 (base 5) to base 7.
1210
What is -958 (base 10) in base 13?
-589
Convert 12516 (base 8) to base 9.
7430
351a4 (base 11) to base 7
301100
Convert 73 (base 12) to base 8.
127
Convert 72c (base 13) to base 14.
633
Convert 109 (base 13) to base 16.
b2
What is 6ca4 (base 14) in base 11?
13277
What is 2590 (base 14) in base 7?
25140
Convert -1003 (base 16) to base 11.
-3097
What is 2051 (base 14) in base 12?
3273
-2793 (base 12) to base 3
-20021110
1122010 (base 3) to base 5
14231
What is -15507 (base 10) in base 9?
-23240
1010011111 (base 2) to base 4
22133
What is 24503 (base 10) in base 11?
17456
Convert 11114 (base 6) to base 15.
6dd
Convert -40 (base 13) to base 6.
-124
What is -34101 (base 10) in base 14?
-c5db
Convert 10011001 (base 2) to base 11.
12a
Convert 1773 (base 12) to base 11.
2137
c840 (base 13) to base 3
1102002110
-29ba9 (base 13) to base 7
-446003
Convert -195 (base 10) to base 5.
-1240
What is 354603 (base 7) in base 10?
64095
Convert -4427 (base 9) to base 11.
-24a9
Convert -17b5 (base 13) to base 7.
-13200
What is 124044 (base 7) in base 8?
54745
What is -801 (base 12) in base 5?
-14103
-654 (base 9) to base 12
-387
-1557 (base 8) to base 11
-72a
What is 18b86 (base 15) in base 3?
11002001100
Convert c7 (base 14) to base 5.
1200
238 (base 16) to base 12
3b4
-32733 (base 8) to base 16
-35db
What is -aa79 (base 12) in base 5?
-1100223
-22210 (base 3) to base 14
-12d
What is -333313 (base 4) in base 16?
-ff7
What is -340 (base 8) in base 2?
-11100000
48 (base 13) to base 12
50
Convert -1c71 (base 16) to base 2.
-1110001110001
5224 (base 8) to base 15
c08
1281 (base 9) to base 5
12324
What is -5632 (base 9) in base 11?
-3142
-495 (base 10) to base 16
-1ef
What is -10011011111 (base 2) in base 7?
-3431
112530 (base 7) to base 16
4ec0
What is 391 (base 16) in base 9?
1224
What is 527 (base 10) in base 2?
1000001111
What is -344 (base 8) in base 2?
-11100100
Convert -34982 (base 10) to base 6.
-425542
1222020 (base 3) to base 9
1866
What is -1233 (base 4) in base 3?
-11010
What is -236306 (base 7) in base 3?
-2012000122
302122 (base 5) to base 7
40112
What is -a07 (base 15) in base 4?
-203101
What is -c32 (base 16) in base 9?
-4248
What is 11441 (base 5) in base 14?
463
Convert -910 (base 10) to base 5.
-12120
120113 (base 4) to base 2
11000010111
Convert 732 (base 8) to base 4.
13122
What is -34688 (base 9) in base 2?
-101101001111101
What is -1000001101101 (base 2) in base 4?
-1001231
What is 21322 (base 9) in base 10?
14114
a4c2 (base 15) to base 8
104020
What is -72c (base 14) in base 2?
-10110000100
What is -e4c2 (base 15) in base 4?
-23303030
Convert -1001 (base 5) to base 2.
-1111110
Convert -11422 (base 8) to base 4.
-1030102
Convert -25144 (base 6) to base 3.
-12010101
Convert 234515 (base 7) to base 16.
a5ce
1e8 (base 15) to base 5
3233
-1030311 (base 4) to base 14
-1b13
Convert 45 (base 13) to base 16.
39
What is -13032 (base 4) in base 10?
-462
What is -352b (base 14) in base 9?
-13618
What is 3947 (base 10) in base 16?
f6b
Convert 1276 (base 16) to base 9.
6431
What is -12159 (base 14) in base 12?
-21697
-130a8 (base 11) to base 13
-86c6
-81a (base 12) to base 7
-3265
Convert -76 (base 14) to base 5.
-404
What is -8160 (base 10) in base 14?
-2d8c
Convert -1c28 (base 14) to base 7.
-20651
-11113 (base 5) to base 13
-483
26587 (base 9) to base 14
67a4
Convert d29 (base 16) to base 9.
4553
336b (base 12) to base 5
140244
What is -5bda (base 16) in base 2?
-101101111011010
Convert 78 (base 10) to base 15.
53
What is 22114 (base 5) in base 2?
10111111110
Convert -13257 (base 8) to base 11.
-43aa
10001100011 (base 2) to base 8
2143
349 (base 10) to base 12
251
Convert -257 (base 13) to base 3.
-120012
Convert 1506 (base 7) to base 2.
1001010010
Convert -425 (base 6) to base 15.
-ab
3055 (base 7) to base 14
565
4431 (base 6) to base 4
100003
Convert 6225 (base 10) to base 14.
23a9
What is -14110 (base 5) in base 15?
-520
What is -110101011000 (base 2) in base 6?
-23452
Convert -244152 (base 6) to base 16.
-54a4
35514 (base 9) to base 12
118aa
-2562 (base 11) to base 15
-ec5
4741 (base 8) to base 15
b39
-ab7c (base 15) to base 2
-1000110111110110
2201011 (base 4) to base 13
4900
Convert -1171 (base 14) to base 11.
-2313
Convert 3424200 (base 5) to base 3.
10002220202
-1023 (base 9) to base 16
-2ee
Convert -3426 (base 7) to base 12.
-879
Convert 3839 (base 13) to base 11.
6005
Convert -4886 (base 13) to base 11.
-7779
Convert 12d (base 15) to base 3.
100221
What is -2401422 (base 5) in base 4?
-22233103
What is 221 (base 8) in base 3?
12101
10001 (base 3) to base 4
1102
11340 (base 5) to base 8
1515
What is -2156 (base 12) in base 8?
-7122
Convert -1132 (base 5) to base 3.
-20012
What is 11000000111011 (base 2) in base 5?
343342
Convert 501 (base 8) to base 3.
102220
What is 321 (base 4) in base 7?
111
5b4 (base 14) to base 2
10001110010
-4318 (base 13) to base 5
-244231
What is -194 (base 13) in base 15?
-145
What is -261 (base 9) in base 2?
-11011001
What is -6523 (base 8) in base 2?
-110101010011
Convert 4b66 (base 13) to base 9.
15643
-11010000 (base 2) to base 4
-3100
11100010 (base 2) to base 8
342
-222201 (base 4) to base 11
-2054
13213 (base 4) to base 9
601
What is -1504 (base 7) in base 14?
-304
462 (base 8) to base 